{"id":177,"date":"2018-11-30T14:12:58","date_gmt":"2018-11-30T13:12:58","guid":{"rendered":"http:\/\/www.tech-airconsulting.com\/?page_id=177"},"modified":"2019-06-04T18:08:54","modified_gmt":"2019-06-04T16:08:54","slug":"accueil-2","status":"publish","type":"page","link":"https:\/\/www.tech-airconsulting.com\/","title":{"rendered":"Accueil"},"content":{"rendered":"\t\t<div data-elementor-type=\"wp-post\" data-elementor-id=\"177\" class=\"elementor elementor-177 elementor-bc-flex-widget\" data-elementor-post-type=\"page\">\n\t\t\t\t\t\t<section class=\"elementor-section elementor-top-section elementor-element elementor-element-ba5895d elementor-section-full_width elementor-section-height-default elementor-section-height-default\" data-id=\"ba5895d\" data-element_type=\"section\">\n\t\t\t\t\t\t<div class=\"elementor-container elementor-column-gap-no\">\n\t\t\t\t\t<div class=\"elementor-column elementor-col-100 elementor-top-column elementor-element elementor-element-2d72af5\" data-id=\"2d72af5\" data-element_type=\"column\">\n\t\t\t<div class=\"elementor-widget-wrap elementor-element-populated\">\n\t\t\t\t\t\t<div class=\"elementor-element elementor-element-14e1aa6 elementor-widget elementor-widget-template\" data-id=\"14e1aa6\" data-element_type=\"widget\" data-widget_type=\"template.default\">\n\t\t\t\t<div class=\"elementor-widget-container\">\n\t\t\t\t\t<div class=\"elementor-template\">\n\t\t\t\t\t<div data-elementor-type=\"page\" data-elementor-id=\"158\" class=\"elementor elementor-158 elementor-bc-flex-widget\" data-elementor-post-type=\"elementor_library\">\n\t\t\t\t\t\t<section class=\"elementor-section elementor-top-section elementor-element elementor-element-75779e7c elementor-section-height-min-height elementor-section-boxed elementor-section-height-default elementor-section-items-middle\" data-id=\"75779e7c\" data-element_type=\"section\" data-settings=\"{&quot;background_background&quot;:&quot;classic&quot;,&quot;shape_divider_bottom&quot;:&quot;mountains&quot;}\">\n\t\t\t\t\t\t\t<div class=\"elementor-background-overlay\"><\/div>\n\t\t\t\t\t\t<div class=\"elementor-shape elementor-shape-bottom\" data-negative=\"false\">\n\t\t\t<svg xmlns=\"http:\/\/www.w3.org\/2000\/svg\" viewBox=\"0 0 1000 100\" preserveAspectRatio=\"none\">\n\t<path class=\"elementor-shape-fill\" opacity=\"0.33\" d=\"M473,67.3c-203.9,88.3-263.1-34-320.3,0C66,119.1,0,59.7,0,59.7V0h1000v59.7 c0,0-62.1,26.1-94.9,29.3c-32.8,3.3-62.8-12.3-75.8-22.1C806,49.6,745.3,8.7,694.9,4.7S492.4,59,473,67.3z\"\/>\n\t<path class=\"elementor-shape-fill\" opacity=\"0.66\" d=\"M734,67.3c-45.5,0-77.2-23.2-129.1-39.1c-28.6-8.7-150.3-10.1-254,39.1 s-91.7-34.4-149.2,0C115.7,118.3,0,39.8,0,39.8V0h1000v36.5c0,0-28.2-18.5-92.1-18.5C810.2,18.1,775.7,67.3,734,67.3z\"\/>\n\t<path class=\"elementor-shape-fill\" d=\"M766.1,28.9c-200-57.5-266,65.5-395.1,19.5C242,1.8,242,5.4,184.8,20.6C128,35.8,132.3,44.9,89.9,52.5C28.6,63.7,0,0,0,0 h1000c0,0-9.9,40.9-83.6,48.1S829.6,47,766.1,28.9z\"\/>\n<\/svg>\t\t<\/div>\n\t\t\t\t\t<div class=\"elementor-container elementor-column-gap-default\">\n\t\t\t\t\t<div class=\"elementor-column elementor-col-100 elementor-top-column elementor-element elementor-element-53abdd0b\" data-id=\"53abdd0b\" data-element_type=\"column\">\n\t\t\t<div class=\"elementor-widget-wrap elementor-element-populated\">\n\t\t\t\t\t\t<div class=\"elementor-element elementor-element-6fc6d637 elementor-widget elementor-widget-heading\" data-id=\"6fc6d637\" data-element_type=\"widget\" data-widget_type=\"heading.default\">\n\t\t\t\t<div class=\"elementor-widget-container\">\n\t\t\t<h4 class=\"elementor-heading-title elementor-size-default\"><b>TECH AIR CONSULTING<\/b><br>votre expert en \u00e9quipements d\u2019ateliers<\/h4>\t\t<\/div>\n\t\t\t\t<\/div>\n\t\t\t\t\t<\/div>\n\t\t<\/div>\n\t\t\t\t\t<\/div>\n\t\t<\/section>\n\t\t\t\t<section class=\"elementor-section elementor-top-section elementor-element elementor-element-108dc3b2 elementor-section-boxed elementor-section-height-default elementor-section-height-default\" data-id=\"108dc3b2\" data-element_type=\"section\" data-settings=\"{&quot;background_background&quot;:&quot;classic&quot;}\">\n\t\t\t\t\t\t<div class=\"elementor-container elementor-column-gap-default\">\n\t\t\t\t\t<div class=\"elementor-column elementor-col-33 elementor-top-column elementor-element elementor-element-4af9ac23\" data-id=\"4af9ac23\" data-element_type=\"column\">\n\t\t\t<div class=\"elementor-widget-wrap elementor-element-populated\">\n\t\t\t\t\t\t<div class=\"elementor-element elementor-element-acf98ef elementor-widget elementor-widget-image\" data-id=\"acf98ef\" data-element_type=\"widget\" data-widget_type=\"image.default\">\n\t\t\t\t<div class=\"elementor-widget-container\">\n\t\t\t\t\t\t\t\t\t\t\t\t\t<img decoding=\"async\" width=\"150\" height=\"150\" src=\"https:\/\/www.tech-airconsulting.com\/wp-content\/uploads\/2018\/11\/TECHAIR-Plaquette-MAJ2018-VFIN-4-150x150.jpg\" class=\"attachment-thumbnail size-thumbnail wp-image-193\" alt=\"\" \/>\t\t\t\t\t\t\t\t\t\t\t\t\t<\/div>\n\t\t\t\t<\/div>\n\t\t\t\t<div class=\"elementor-element elementor-element-337b232c elementor-position-left elementor-view-default elementor-mobile-position-top elementor-vertical-align-top elementor-widget elementor-widget-icon-box\" data-id=\"337b232c\" data-element_type=\"widget\" data-widget_type=\"icon-box.default\">\n\t\t\t\t<div class=\"elementor-widget-container\">\n\t\t\t\t\t<div class=\"elementor-icon-box-wrapper\">\n\t\t\t\t\t\t<div class=\"elementor-icon-box-icon\">\n\t\t\t\t<a href=\"\/carsat\/\" class=\"elementor-icon elementor-animation-\" tabindex=\"-1\">\n\t\t\t\t<i class=\"fa fa-book\" aria-hidden=\"true\"><\/i>\t\t\t\t<\/a>\n\t\t\t<\/div>\n\t\t\t\t\t\t<div class=\"elementor-icon-box-content\">\n\t\t\t\t<h3 class=\"elementor-icon-box-title\">\n\t\t\t\t\t<a href=\"\/carsat\/\" >\n\t\t\t\t\t\tNormes CARSAT\t\t\t\t\t<\/a>\n\t\t\t\t<\/h3>\n\t\t\t\t\t\t\t\t\t<p class=\"elementor-icon-box-description\">\n\t\t\t\t\t\tLa St\u00e9 TECH-AIR vous propose la mise aux normes et l\u2019entretien de vos installations, d\u2019extraction des gaz d\u2019\u00e9chappements, d\u2019aspiration de filtration des poussi\u00e8res de pon\u00e7ages, et aspiration industrielle.\t\t\t\t\t<\/p>\n\t\t\t\t\t\t\t<\/div>\n\t\t<\/div>\n\t\t\t\t<\/div>\n\t\t\t\t<\/div>\n\t\t\t\t\t<\/div>\n\t\t<\/div>\n\t\t\t\t<div class=\"elementor-column elementor-col-33 elementor-top-column elementor-element elementor-element-6e7f2b12\" data-id=\"6e7f2b12\" data-element_type=\"column\">\n\t\t\t<div class=\"elementor-widget-wrap elementor-element-populated\">\n\t\t\t\t\t\t<div class=\"elementor-element elementor-element-1165cd4 elementor-widget elementor-widget-image\" data-id=\"1165cd4\" data-element_type=\"widget\" data-widget_type=\"image.default\">\n\t\t\t\t<div class=\"elementor-widget-container\">\n\t\t\t\t\t\t\t\t\t\t\t\t\t<img decoding=\"async\" width=\"150\" height=\"150\" src=\"https:\/\/www.tech-airconsulting.com\/wp-content\/uploads\/2018\/11\/TECHAIR-Plaquette-MAJ2018-VFIN-5-150x150.jpg\" class=\"attachment-thumbnail size-thumbnail wp-image-194\" alt=\"\" \/>\t\t\t\t\t\t\t\t\t\t\t\t\t<\/div>\n\t\t\t\t<\/div>\n\t\t\t\t<div class=\"elementor-element elementor-element-7ad612b7 elementor-position-left elementor-view-default elementor-mobile-position-top elementor-vertical-align-top elementor-widget elementor-widget-icon-box\" data-id=\"7ad612b7\" data-element_type=\"widget\" data-widget_type=\"icon-box.default\">\n\t\t\t\t<div class=\"elementor-widget-container\">\n\t\t\t\t\t<div class=\"elementor-icon-box-wrapper\">\n\t\t\t\t\t\t<div class=\"elementor-icon-box-icon\">\n\t\t\t\t<a href=\"\/extractions-et-aspiration\/\" class=\"elementor-icon elementor-animation-\" tabindex=\"-1\">\n\t\t\t\t<i class=\"fa fa-user\" aria-hidden=\"true\"><\/i>\t\t\t\t<\/a>\n\t\t\t<\/div>\n\t\t\t\t\t\t<div class=\"elementor-icon-box-content\">\n\t\t\t\t<h3 class=\"elementor-icon-box-title\">\n\t\t\t\t\t<a href=\"\/extractions-et-aspiration\/\" >\n\t\t\t\t\t\tExtractions et aspiration\t\t\t\t\t<\/a>\n\t\t\t\t<\/h3>\n\t\t\t\t\t\t\t\t\t<p class=\"elementor-icon-box-description\">\n\t\t\t\t\t\tAnalyse de vos besoins, optimisation de l\u2019offre, par rapport \u00e0 la mise aux normes de votre atelier, dans les domaines de l\u2019extraction des gaz d\u2019\u00e9chappement, mobilier d\u2019atelier et aspiration et filtration des poussi\u00e8res de pon\u00e7age.\t\t\t\t\t<\/p>\n\t\t\t\t\t\t\t<\/div>\n\t\t<\/div>\n\t\t\t\t<\/div>\n\t\t\t\t<\/div>\n\t\t\t\t\t<\/div>\n\t\t<\/div>\n\t\t\t\t<div class=\"elementor-column elementor-col-33 elementor-top-column elementor-element elementor-element-668a49b3\" data-id=\"668a49b3\" data-element_type=\"column\">\n\t\t\t<div class=\"elementor-widget-wrap elementor-element-populated\">\n\t\t\t\t\t\t<div class=\"elementor-element elementor-element-914a5da elementor-widget elementor-widget-image\" data-id=\"914a5da\" data-element_type=\"widget\" data-widget_type=\"image.default\">\n\t\t\t\t<div class=\"elementor-widget-container\">\n\t\t\t\t\t\t\t\t\t\t\t\t\t<img decoding=\"async\" width=\"150\" height=\"150\" src=\"https:\/\/www.tech-airconsulting.com\/wp-content\/uploads\/2018\/11\/TECHAIR-Plaquette-MAJ2018-VFIN-9-150x150.jpg\" class=\"attachment-thumbnail size-thumbnail wp-image-198\" alt=\"\" \/>\t\t\t\t\t\t\t\t\t\t\t\t\t<\/div>\n\t\t\t\t<\/div>\n\t\t\t\t<div class=\"elementor-element elementor-element-5fe57d6c elementor-position-left elementor-view-default elementor-mobile-position-top elementor-vertical-align-top elementor-widget elementor-widget-icon-box\" data-id=\"5fe57d6c\" data-element_type=\"widget\" data-widget_type=\"icon-box.default\">\n\t\t\t\t<div class=\"elementor-widget-container\">\n\t\t\t\t\t<div class=\"elementor-icon-box-wrapper\">\n\t\t\t\t\t\t<div class=\"elementor-icon-box-icon\">\n\t\t\t\t<a href=\"\/maintenance\/\" class=\"elementor-icon elementor-animation-\" tabindex=\"-1\">\n\t\t\t\t<i class=\"fa fa-wrench\" aria-hidden=\"true\"><\/i>\t\t\t\t<\/a>\n\t\t\t<\/div>\n\t\t\t\t\t\t<div class=\"elementor-icon-box-content\">\n\t\t\t\t<h3 class=\"elementor-icon-box-title\">\n\t\t\t\t\t<a href=\"\/maintenance\/\" >\n\t\t\t\t\t\tMaintenance\t\t\t\t\t<\/a>\n\t\t\t\t<\/h3>\n\t\t\t\t\t\t\t\t\t<p class=\"elementor-icon-box-description\">\n\t\t\t\t\t\tInstallation, contr\u00f4les r\u00e8glementaires, nettoyage, entretien, r\u00e9paration, pi\u00e8ces d\u00e9tach\u00e9es, conseil...\t\t\t\t\t<\/p>\n\t\t\t\t\t\t\t<\/div>\n\t\t<\/div>\n\t\t\t\t<\/div>\n\t\t\t\t<\/div>\n\t\t\t\t\t<\/div>\n\t\t<\/div>\n\t\t\t\t\t<\/div>\n\t\t<\/section>\n\t\t\t\t<\/div>\n\t\t\t\t<\/div>\n\t\t\t\t<\/div>\n\t\t\t\t<\/div>\n\t\t\t\t\t<\/div>\n\t\t<\/div>\n\t\t\t\t\t<\/div>\n\t\t<\/section>\n\t\t\t\t<section class=\"elementor-section elementor-top-section elementor-element elementor-element-1e630bad elementor-section-boxed elementor-section-height-default elementor-section-height-default\" data-id=\"1e630bad\" data-element_type=\"section\" data-settings=\"{&quot;background_background&quot;:&quot;classic&quot;,&quot;shape_divider_top&quot;:&quot;mountains&quot;,&quot;shape_divider_bottom&quot;:&quot;mountains&quot;}\">\n\t\t\t\t\t\t\t<div class=\"elementor-background-overlay\"><\/div>\n\t\t\t\t\t\t<div class=\"elementor-shape elementor-shape-top\" data-negative=\"false\">\n\t\t\t<svg xmlns=\"http:\/\/www.w3.org\/2000\/svg\" viewBox=\"0 0 1000 100\" preserveAspectRatio=\"none\">\n\t<path class=\"elementor-shape-fill\" opacity=\"0.33\" d=\"M473,67.3c-203.9,88.3-263.1-34-320.3,0C66,119.1,0,59.7,0,59.7V0h1000v59.7 c0,0-62.1,26.1-94.9,29.3c-32.8,3.3-62.8-12.3-75.8-22.1C806,49.6,745.3,8.7,694.9,4.7S492.4,59,473,67.3z\"\/>\n\t<path class=\"elementor-shape-fill\" opacity=\"0.66\" d=\"M734,67.3c-45.5,0-77.2-23.2-129.1-39.1c-28.6-8.7-150.3-10.1-254,39.1 s-91.7-34.4-149.2,0C115.7,118.3,0,39.8,0,39.8V0h1000v36.5c0,0-28.2-18.5-92.1-18.5C810.2,18.1,775.7,67.3,734,67.3z\"\/>\n\t<path class=\"elementor-shape-fill\" d=\"M766.1,28.9c-200-57.5-266,65.5-395.1,19.5C242,1.8,242,5.4,184.8,20.6C128,35.8,132.3,44.9,89.9,52.5C28.6,63.7,0,0,0,0 h1000c0,0-9.9,40.9-83.6,48.1S829.6,47,766.1,28.9z\"\/>\n<\/svg>\t\t<\/div>\n\t\t\t\t<div class=\"elementor-shape elementor-shape-bottom\" data-negative=\"false\">\n\t\t\t<svg xmlns=\"http:\/\/www.w3.org\/2000\/svg\" viewBox=\"0 0 1000 100\" preserveAspectRatio=\"none\">\n\t<path class=\"elementor-shape-fill\" opacity=\"0.33\" d=\"M473,67.3c-203.9,88.3-263.1-34-320.3,0C66,119.1,0,59.7,0,59.7V0h1000v59.7 c0,0-62.1,26.1-94.9,29.3c-32.8,3.3-62.8-12.3-75.8-22.1C806,49.6,745.3,8.7,694.9,4.7S492.4,59,473,67.3z\"\/>\n\t<path class=\"elementor-shape-fill\" opacity=\"0.66\" d=\"M734,67.3c-45.5,0-77.2-23.2-129.1-39.1c-28.6-8.7-150.3-10.1-254,39.1 s-91.7-34.4-149.2,0C115.7,118.3,0,39.8,0,39.8V0h1000v36.5c0,0-28.2-18.5-92.1-18.5C810.2,18.1,775.7,67.3,734,67.3z\"\/>\n\t<path class=\"elementor-shape-fill\" d=\"M766.1,28.9c-200-57.5-266,65.5-395.1,19.5C242,1.8,242,5.4,184.8,20.6C128,35.8,132.3,44.9,89.9,52.5C28.6,63.7,0,0,0,0 h1000c0,0-9.9,40.9-83.6,48.1S829.6,47,766.1,28.9z\"\/>\n<\/svg>\t\t<\/div>\n\t\t\t\t\t<div class=\"elementor-container elementor-column-gap-default\">\n\t\t\t\t\t<div class=\"elementor-column elementor-col-100 elementor-top-column elementor-element elementor-element-1bc831fd\" data-id=\"1bc831fd\" data-element_type=\"column\">\n\t\t\t<div class=\"elementor-widget-wrap elementor-element-populated\">\n\t\t\t\t\t\t<div class=\"elementor-element elementor-element-795736e6 elementor-widget elementor-widget-text-editor\" data-id=\"795736e6\" data-element_type=\"widget\" data-widget_type=\"text-editor.default\">\n\t\t\t\t<div class=\"elementor-widget-container\">\n\t\t\t\t\t\t\t<p>L&rsquo;entreprise\u00a0<b>TECH-AIR CONSULTING<\/b>\u00a0est situ\u00e9e dans la r\u00e9gion Rh\u00f4ne Alpes \u00e0 proximit\u00e9 de\u00a0<b>LYON.nous intervenons sur toute la FRANCE ainsi qu\u2019\u00e0 l\u2019\u00e9tranger Belgique, Luxembourg, Afrique du Nord et Francophone.<\/b><\/p><p>Fournisseur r\u00e9f\u00e9renc\u00e9 chez VOLKSWAGEN Group avec de nombreuse r\u00e9f\u00e9rence au sein des diff\u00e9rents constructeurs et administrations en FRANCE et \u00e0 l&rsquo;\u00e9tranger.<\/p><p>Fort d&rsquo;une exp\u00e9rience de plus de 20 ans dans le m\u00e9tier de l&rsquo;\u00e9quipement d&rsquo;atelier, votre professionnel\u00a0<b>M. Xavier Niewenglowski et ses \u00e9quipes<\/b>\u00a0met \u00e0 votre disposition son savoir-faire et ces comp\u00e9tences dans les domaines de traitement de\u00a0<b>l&rsquo;extraction des gaz d&rsquo;\u00e9chappement, l&rsquo;aspiration et la filtration des pour poussi\u00e8res de pon\u00e7ages en carrosseries et menuiserie, et l&rsquo;aspiration et la filtration des poussi\u00e8res et fum\u00e9es de soudures, ainsi que tout les \u00e9quipements d\u2019atelier tels que Mobilier d\u2019atelier, \u00e9quilibreurs d\u00e9monte pneus, compresseur et r\u00e9seau d\u2019air comprim\u00e9e, audit et conseil pour l&rsquo;optimisation des postes de travail, au sein des ateliers automotive VL, VUL, PL et atelier industriels.<\/b><\/p><p>Nos experts vous conseillent dans le choix de vos\u00a0<b>\u00e9quipements d&rsquo;ateliers<\/b>, de\u00a0<b>fosses pr\u00e9fabriqu\u00e9es , pont \u00e9l\u00e9vateur \u00e9quilibreurs et d\u00e9monte pneu<\/b>, pour r\u00e9pondre \u00e0 tous vos besoins et vos exigences,\u00a0<b>et se d\u00e9place pour toute intervention<\/b>\u00a0en\u00a0<b>France<\/b>\u00a0ainsi qu&rsquo;\u00e0\u00a0<b>l&rsquo;\u00e9tranger Afrique du Nord et Francophone(de Nombreuses r\u00e9f\u00e9rences, Groupe de distribution automotive, Administration diverses, etc\u2026).<\/b><\/p><p>TECH-AIR vous propose un audit pour la mise aux normes de vos ateliers :<\/p><p>\u2022 Les textes du code du travail :<span style=\"font-size: 15px;\">\u00a0<\/span><\/p><p>Les ateliers sont assujetties au code du travail et dans ce cadre, ils doivent \u00eatre \u00e9quip\u00e9s de syst\u00e8me d&rsquo;extraction des gaz d&rsquo;\u00e9chappements ou et d&rsquo;aspiration et de filtration des poussi\u00e8res de pon\u00e7ages et d&rsquo;aspiration et de filtration des poussi\u00e8res et fum\u00e9s de soudure, comme indiqu\u00e9 dans la r\u00e9glementation concernant les locaux ferm\u00e9s, ou le personnel travaille \u00e0 proximit\u00e9 des sources de polluants.<span style=\"font-size: 15px;\">\u00a0<\/span><\/p><p>L&rsquo;article\u00a0<b>R 232-5<\/b>\u00a0et\u00a0<b>R232-5-7<\/b>\u00a0du code du travail. A savoir :<span style=\"font-size: 15px;\">\u00a0<\/span><\/p><p><i>1. L&rsquo;entreprise doit maintenir, un \u00e9tat de puret\u00e9 de l&rsquo;air, pour pr\u00e9server la sant\u00e9 des personnels.<\/i><span style=\"font-size: 15px;\">\u00a0<\/span><\/p><p><i>2. L&rsquo;INRS pr\u00e9conise pour la suppression des polluants, un captage au plus possible de la source d&rsquo;\u00e9mission de celui-ci. L&rsquo;aspiration des polluants doit \u00eatre r\u00e9alis\u00e9 avec du mat\u00e9riel adapt\u00e9 et avec la plus grande efficacit\u00e9 possible, pour les gaz d&rsquo;\u00e9chappement directement le pot d&rsquo;\u00e9chappement, pour les fum\u00e9es et poussi\u00e8res de soudures avec un bras articul\u00e9 aspirant (polyvalent pour toute type de soudage), et pour les poussi\u00e8res de pon\u00e7ages direct \u00e0 l&rsquo;outil avec un syst\u00e8me de filtration.<\/i><\/p><p><b>TECH-AIR Service Techniques, s\u2019est aussi l\u2019installation et l\u2019entretien des \u00e9quipements d\u2019atelier automotive, tel que les syst\u00e8mes d\u2019extraction des gaz d\u2019\u00e9chappements, aspiration et filtration des poussi\u00e8res carrosserie et meunuiserie, compresseur A\/C et r\u00e9seau d\u2019A\/C, d\u00e9montes pneu et \u00e9quilibreuses, r\u00e9seau d\u2019huiles neuves et us\u00e9es et le mobiliers d\u2019atelier.<\/b><\/p><p><b>Pour de plus amples informations, contactez sans plus tarder l&rsquo;entreprise TECH-AIR CONSULTING. M. Xavier Niewenglowski et ses \u00e9quipes, qui restent \u00e0 votre enti\u00e8re disposition, pour toute demande.<\/b><\/p>\t\t\t\t\t\t<\/div>\n\t\t\t\t<\/div>\n\t\t\t\t\t<\/div>\n\t\t<\/div>\n\t\t\t\t\t<\/div>\n\t\t<\/section>\n\t\t\t\t<\/div>\n\t\t","protected":false},"excerpt":{"rendered":"<p>L&rsquo;entreprise\u00a0TECH-AIR CONSULTING\u00a0est situ\u00e9e dans la r\u00e9gion Rh\u00f4ne Alpes \u00e0 proximit\u00e9 de\u00a0LYON.nous intervenons sur toute la FRANCE ainsi qu\u2019\u00e0 l\u2019\u00e9tranger Belgique, Luxembourg, Afrique du Nord et Francophone. Fournisseur r\u00e9f\u00e9renc\u00e9 chez VOLKSWAGEN Group avec de nombreuse r\u00e9f\u00e9rence au sein des diff\u00e9rents constructeurs et administrations en FRANCE et \u00e0 l&rsquo;\u00e9tranger. Fort d&rsquo;une exp\u00e9rience de plus de 20 ans &hellip;<\/p>\n<p class=\"read-more\"> <a class=\"\" href=\"https:\/\/www.tech-airconsulting.com\/\"> <span class=\"screen-reader-text\">Accueil<\/span>Lire plus &raquo;<\/a><\/p>\n","protected":false},"author":1,"featured_media":0,"parent":0,"menu_order":0,"comment_status":"closed","ping_status":"open","template":"elementor_header_footer","meta":{"footnotes":""},"_links":{"self":[{"href":"https:\/\/www.tech-airconsulting.com\/index.php?rest_route=\/wp\/v2\/pages\/177"}],"collection":[{"href":"https:\/\/www.tech-airconsulting.com\/index.php?rest_route=\/wp\/v2\/pages"}],"about":[{"href":"https:\/\/www.tech-airconsulting.com\/index.php?rest_route=\/wp\/v2\/types\/page"}],"author":[{"embeddable":true,"href":"https:\/\/www.tech-airconsulting.com\/index.php?rest_route=\/wp\/v2\/users\/1"}],"replies":[{"embeddable":true,"href":"https:\/\/www.tech-airconsulting.com\/index.php?rest_route=%2Fwp%2Fv2%2Fcomments&post=177"}],"version-history":[{"count":10,"href":"https:\/\/www.tech-airconsulting.com\/index.php?rest_route=\/wp\/v2\/pages\/177\/revisions"}],"predecessor-version":[{"id":777,"href":"https:\/\/www.tech-airconsulting.com\/index.php?rest_route=\/wp\/v2\/pages\/177\/revisions\/777"}],"wp:attachment":[{"href":"https:\/\/www.tech-airconsulting.com\/index.php?rest_route=%2Fwp%2Fv2%2Fmedia&parent=177"}],"curies":[{"name":"wp","href":"https:\/\/api.w.org\/{rel}","templated":true}]}}